{"id":287,"date":"2016-02-08T09:19:25","date_gmt":"2016-02-08T09:19:25","guid":{"rendered":"http:\/\/mareikeschumacher.de\/?page_id=287"},"modified":"2024-05-24T08:15:14","modified_gmt":"2024-05-24T08:15:14","slug":"vita-2","status":"publish","type":"page","link":"https:\/\/mareikeschumacher.de\/?page_id=287","title":{"rendered":"Werdegang"},"content":{"rendered":"\n<div style=\"height:39px\" aria-hidden=\"true\" class=\"wp-block-spacer\"><\/div>\n\n\n\n<figure class=\"wp-block-table is-style-stripes\"><table><tbody><tr><td>seit 1.4.2024<\/td><td>Vertretung der Professur f\u00fcr Digital Humanities an der Universit\u00e4t Stuttgart<\/td><\/tr><tr><td>seit 1.4.2023<\/td><td>Juniorprofessorin f\u00fcr Digital Humanities an der Universit\u00e4t Regensburg <br>(ab 31.3.2024 beurlaubt)<\/td><\/tr><tr><td>2021- 2023<\/td><td>Wissenschaftliche Mitarbeiterin am Institut f\u00fcr Sprach- und&nbsp;Literaturwissenschaften der Technischen Universit\u00e4t Darmstadt, bei  Prof. Dr. Evelyn Gius am Lehrstuhl f\u00fcr Digital Philology, befristet bis  August 2022<\/td><\/tr><tr><td>12.2021<\/td><td>Promotion im Bereich Neuere Deutsche Literatur verteidigt, Schwerpunkt Digital  Humanities mit der Note <em>summa cum laude<\/em> an der Universit\u00e4t  Hamburg, betreut von Prof. Dr. Jan Christoph Meister<\/td><\/tr><tr><td>2013-2021<\/td><td>wissenschaftliche Mitarbeiterin am Institut f\u00fcr Germanistik der  Universit\u00e4t Hamburg, bei Prof. Dr. Jan Christoph Meister am Lehrstuhl  f\u00fcr Neuere Deustche Literatur und Digital Humanities<\/td><\/tr><tr><td>2012<\/td><td>studentische Hilfskraft zur Mitwirkung an der Tagungsorganisation  der \u201eDH2012 \u2013 Conference for Digital Humanities\u201c am Institut f\u00fcr  Germanistik der Universit\u00e4t Hamburg, bei Prof. Dr. Jan Christoph  Meister am Lehrstuhl f\u00fcr Neuere Deustche Literatur und Digital  Humanities<\/td><\/tr><tr><td>2010-2013 <\/td><td>M.A.-Studium der deutschsprachigen Literaturen an der Universit\u00e4t  Hamburg<\/td><\/tr><tr><td>2007-2010<\/td><td>B.A.-Studium der Kulturwissenschaften und der  Wirtschaftspsychologie an der Leuphana-Universit\u00e4t L\u00fcneburg<\/td><\/tr><tr><td>2007-2013<\/td><td>Buchh\u00e4ndlerin, Buchhandlung Heymann, Hamburg<\/td><\/tr><tr><td>2004-2007<\/td><td>Auszubildende, Buchhandlung Heymann<\/td><\/tr><\/tbody><\/table><\/figure>\n","protected":false},"excerpt":{"rendered":"<p>seit 1.4.2024 Vertretung der Professur f\u00fcr Digital Humanities an der Universit\u00e4t Stuttgart seit 1.4.2023 Juniorprofessorin f\u00fcr Digital Humanities an der Universit\u00e4t Regensburg (ab 31.3.2024 beurlaubt) 2021- 2023 Wissenschaftliche Mitarbeiterin am Institut f\u00fcr Sprach- und&nbsp;Literaturwissenschaften der Technischen Universit\u00e4t Darmstadt, bei Prof. Dr. Evelyn Gius am Lehrstuhl f\u00fcr Digital Philology, befristet bis August 2022 12.2021 Promotion im Bereich Neuere Deutsche Literatur verteidigt, Schwerpunkt Digital Humanities mit der Note summa cum laude an der Universit\u00e4t Hamburg, betreut von Prof. Dr. Jan Christoph Meister 2013-2021 wissenschaftliche Mitarbeiterin am Institut f\u00fcr Germanistik der Universit\u00e4t Hamburg, bei Prof. Dr. Jan Christoph Meister am Lehrstuhl f\u00fcr Neuere Deustche Literatur und Digital Humanities 2012 studentische Hilfskraft zur Mitwirkung an der Tagungsorganisation der \u201eDH2012 \u2013 Conference for Digital Humanities\u201c am Institut f\u00fcr Germanistik der Universit\u00e4t Hamburg, bei Prof. Dr. Jan Christoph Meister am Lehrstuhl f\u00fcr Neuere Deustche Literatur und Digital Humanities 2010-2013 M.A.-Studium der deutschsprachigen Literaturen an der Universit\u00e4t Hamburg 2007-2010 B.A.-Studium der Kulturwissenschaften und der Wirtschaftspsychologie an der Leuphana-Universit\u00e4t L\u00fcneburg 2007-2013 Buchh\u00e4ndlerin, Buchhandlung Heymann, Hamburg 2004-2007 Auszubildende, Buchhandlung Heymann<\/p>\n","protected":false},"author":1,"featured_media":0,"parent":0,"menu_order":0,"comment_status":"closed","ping_status":"open","template":"","meta":{"footnotes":""},"_links":{"self":[{"href":"https:\/\/mareikeschumacher.de\/index.php?rest_route=\/wp\/v2\/pages\/287"}],"collection":[{"href":"https:\/\/mareikeschumacher.de\/index.php?rest_route=\/wp\/v2\/pages"}],"about":[{"href":"https:\/\/mareikeschumacher.de\/index.php?rest_route=\/wp\/v2\/types\/page"}],"author":[{"embeddable":true,"href":"https:\/\/mareikeschumacher.de\/index.php?rest_route=\/wp\/v2\/users\/1"}],"replies":[{"embeddable":true,"href":"https:\/\/mareikeschumacher.de\/index.php?rest_route=%2Fwp%2Fv2%2Fcomments&post=287"}],"version-history":[{"count":12,"href":"https:\/\/mareikeschumacher.de\/index.php?rest_route=\/wp\/v2\/pages\/287\/revisions"}],"predecessor-version":[{"id":1141,"href":"https:\/\/mareikeschumacher.de\/index.php?rest_route=\/wp\/v2\/pages\/287\/revisions\/1141"}],"wp:attachment":[{"href":"https:\/\/mareikeschumacher.de\/index.php?rest_route=%2Fwp%2Fv2%2Fmedia&parent=287"}],"curies":[{"name":"wp","href":"https:\/\/api.w.org\/{rel}","templated":true}]}}